- q. What is the tens digit of l?
3
Suppose 5*t + 32 = 3*z, 0*t = -3*z + 4*t + 28. Suppose -z*p + 63 = -41. What is the units digit of p?
6
Let j = -27 - -25. What is the units digit of j/1 + 29 + -2?
5
Let v = 623 + 405. What is the tens digit of v?
2
Suppose 4*r + 11 - 27 = 0. Suppose -4 = 2*m + r. Let q = m + 17. What is the tens digit of q?
1
Suppose -n - 2*u + 3*u - 10 = 0, 0 = -n - 4*u - 10. Let b(x) = 32*x**2 + 2*x - 1. Let a be b(1). Let g = a + n. What is the tens digit of g?
2
Let q = -116 - -576. What is the hundreds digit of q?
4
Let f = -201 - -453. What is the units digit of f?
2
Suppose -1313 = -f + 5*g + 260, -3*f + 4767 = g. What is the hundreds digit of f?
5
Suppose 4*h + 756 = -4*w, 0 = 2*h + 13 - 3. What is the units digit of (6 - 0)/((-16)/w)?
9
Let v be (30/9)/((-10)/(-12)). Suppose -2*h - v*t = -80, -2*t = -5*h - 5*t + 179. What is the tens digit of h?
3
Let f(o) = -o**3 + 7*o**2 - 8*o + 15. Let q be f(6). Let x(i) = -i + 10. What is the units digit of x(q)?
7
Let g = 226 - 49. What is the tens digit of -4*2/(-8)*g?
7
Let b(l) = -1056*l - 1305. What is the hundreds digit of b(-7)?
0
Let f = -574 + 599. What is the tens digit of f?
2
Let q(l) be the second derivative of -l**3/6 + 15*l**2/2 + 10*l. Let o be q(13). Suppose -140 = -o*n + 5*f, 76 = n - f - 0*f. What is the units digit of n?
0
Suppose 0*h - 34 = 2*h. Let c = 21 + h. Suppose -3*l = -0*l + 3*f - 24, 4*l = c*f + 16. What is the units digit of l?
6
Let r(t) = -t**3 + 18*t**2 + 14*t + 34. What is the thousands digit of r(-7)?
1
Let b(p) = 31*p**2 - 124*p + 858. What is the units digit of b(7)?
9
Suppose g - 1 = 1. Let n(q) = -1 - q + 8*q**2 + 3 - 2*q**g + 0. What is the tens digit of n(-2)?
2
Suppose -7*k - 10 = 88. Let p(s) = -4*s**2 - 5 - 2 - s**3 - 9*s**2 + 11*s + 0*s**3. What is the units digit of p(k)?
5
Let z(s) = -3*s**3 - 11*s**2 - 148*s - 18. What is the units digit of z(-8)?
8
Suppose 90896 = 46*x + 6*x. What is the units digit of x?
8
What is the units digit of 10/45*(-27)/(-6) + 40?
1
Let h(l) = 101*l**2 - 4*l + 4. Let g be h(1). Let f = 124 + g. What is the tens digit of f?
2
Suppose -2*a = -3*c + 19, a - 5*c = -10*c - 3. What is the tens digit of (62/(-3))/((-66)/(-9) + a)?
3
Let w(q) = 3*q + 9. Let y be w(-4). Let m(o) = -o**3 + o**2 - 3*o + 1. Let k be m(y). What is the units digit of k/6 + (-4)/(-12)?
8
What is the units digit of -1 - -6 - -5264 - (-7 - -1)?
5
What is the hundreds digit of 2*(1238/4 - -4)?
6
Suppose 8*k - 2*k = -144. Let n = k - -24. Suppose 3*i + 18 + 23 = t, n = -4*i + 20. What is the tens digit of t?
5
What is the tens digit of (21 - -572) + -2 + -3?
8
Suppose -2162 - 23533 = -45*y. What is the units digit of y?
1
Let r = -2096 - -2439. What is the tens digit of r?
4
Suppose z - 3*r = -8*r, -r + 1 = 0. Let h(f) = 5*f**2 - 4*f. Let b be h(z). Suppose -10 = -5*q + b. What is the units digit of q?
1
Let n(z) = -z - 4. Let u be n(6). Let j be 0/(u/(-2) + -1). Suppose -3*p + 22 = k - j*k, 0 = 4*k + 4*p - 96. What is the tens digit of k?
2
Suppose -2 + 17 = 3*u. What is the units digit of (-4 + u)/(1/58)?
8
Suppose -40 - 37 = -3*u + 2*s, -5*u = 3*s - 122. Suppose 3*t = 8*t - u. Suppose r + 13 - 149 = -4*x, -t*x + r = -161. What is the units digit of x?
3
Let s = -958 + 2728. What is the units digit of s?
0
Let v be (4*-3)/((-3)/14). Suppose -34 = -2*c + v. Let g = -26 + c. What is the units digit of g?
9
Let v = 4715 + -2730. What is the thousands digit of v?
1
Let u = -122 - -123. What is the tens digit of (u + (-3)/4)/((-8)/(-3488))?
0
Let b = 9 + -5. Let q(f) = -11*f - 4. Let n(v) = 32*v + 11. Let u(r) = 3*n(r) + 8*q(r). What is the units digit of u(b)?
3
Let r(i) = i**3 + 6*i**2 - 17*i - 8. Let f be r(-8). Suppose f = -y + 19 + 10. What is the units digit of y?
9
Suppose -34 = -4*f + 2. Suppose -f*i = -11*i. Suppose 95 = 2*a + 3*x, 2*a - 3*x - 97 + 8 = i. What is the tens digit of a?
4
Let n = 34 - 49. Let t = n - -27. What is the units digit of t?
2
Let w(a) = 1 + 1 - 9 + 0 - a. Let y be w(-9). What is the units digit of (15/(-45))/(y/(-30))?
5
What is the tens digit of 286/3*(-399)/(-38)?
0
Suppose -3*w - 4*q = -239, -5*w + 4*q + 397 = -44. Let i = 132 - w. Let p = -15 + i. What is the tens digit of p?
3
Let q be ((-3)/2)/(2/(-4)*1). Let t(i) = 10*i**3 - 4*i - 1. What is the hundreds digit of t(q)?
2
Suppose 0 = -2*i - 2*i + 196. Let g(v) = -4*v + 32. Let h be g(6). Let b = i - h. What is the units digit of b?
1
Suppose -n = -b - 1, -2*b + n + 13 = 4*n. Suppose -3*d + 31 = b*y - 14, 12 = y - 2*d. What is the tens digit of y?
1
Suppose -2*x = -0*x - 8. Suppose 0 = x*c - 97 + 29. Let d = -14 + c. What is the units digit of d?
3
Suppose 15410 = -95*t + 105*t. What is the thousands digit of t?
1
Let b be (3 + -4)/(-1 - -2). Let v = b - -1. Suppose -w + 54 = -0*w + 3*s, v = 3*w + s - 138. What is the tens digit of w?
4
Let v(k) = -4*k**2 - 13*k + 1. Let j be v(-3). Suppose 4*d + 2*i - 398 = 0, j*d - 12 - 368 = 4*i. What is the units digit of d?
8
What is the units digit of 12*75*28/24?
0
Let y(a) = 6*a**3 + a + 1. Let w be y(-1). Let r(f) = -f**3 - 4*f**2 + 7*f + 6. What is the tens digit of r(w)?
3
What is the units digit of 5/(-30) - (-1895)/30?
3
Let l(x) be the second derivative of -5*x**3/6 + 10*x**2 + 8*x. What is the tens digit of l(-9)?
6
Let h = 643 - 388. What is the tens digit of h?
5
Let i(j) = 16*j + 76. Let f(d) = 49*d + 228. Let k(r) = -3*f(r) + 8*i(r). Let b(t) = 5*t + 19. Let s(g) = -9*b(g) - 2*k(g). What is the tens digit of s(-7)?
3
Suppose -3*k - 2*k - a = -12, 4*k = -5*a + 18. Suppose -y + 168 = k*y. What is the tens digit of y?
5
Suppose 2*d + 2 + 2 = 0. What is the units digit of 273/14 - (-1)/d?
9
Suppose 0 = 5*v + 13 + 2. Let r(c) = -3*c + 16. What is the units digit of r(v)?
5
Suppose -a = -4*w - 7, -3*a + 8*a + 5*w + 15 = 0. Let k be 12/3 + a - 1368. What is the tens digit of k/(-52) - 1/4?
2
Suppose -8 = -2*f, i + 5*f = 4*i - 7. Suppose b + 3*b - 381 = u, 3*u - i = 0. What is the tens digit of b?
9
Let d = 27 - 29. What is the tens digit of (25/(-15))/(d/72)?
6
Suppose -8684 = -3*l + v + 1631, 0 = -5*l - v + 17189. What is the units digit of l?
8
Let y(c) be the first derivative of 13*c**2/2 + 20*c + 13. Let i(f) = -300*f - 460. Let x(k) = -3*i(k) - 70*y(k). What is the units digit of x(-5)?
0
Suppose -47*d - 25 = -46*d. Let v(y) = -y - 4. Let m be v(-2). Let b = m - d. What is the units digit of b?
3
Suppose -6*g + 102 = -4*g. Let d = 160 - g. What is the units digit of d?
9
Let t(w) = 11*w**2 + 2*w. Let q be t(-5). Suppose 0 = -g - 2*i + 97, 5*g - 195 - q = -5*i. Let u = -34 + g. What is the tens digit of u?
5
Let q(o) = 15*o + 1. Let v(x) = x**3 - 2*x**2 + 2. Let l be v(3). Suppose l*h + 12 = 14*h. What is the tens digit of q(h)?
6
Suppose -3*l = l - b - 17, 10 = -l + 5*b. Suppose 163 = l*n - 112. What is the tens digit of n?
5
Let o be (-60)/5*((-4)/(-2) - 3). What is the units digit of (-1)/4 + 2151/o?
9
Let z = 1826 + -1056. Suppose z = -i + 8*i. What is the units digit of i?
0
Suppose 83*j - 26*j - 31806 = 0. What is the hundreds digit of j?
5
Suppose -20 = -4*y, -4*n - 2*y + 5*y = 3. Suppose -3*s = 4*k - 748, n*k = s - 2*s + 566. What is the units digit of k?
0
Let t = 1816 - 403. What is the tens digit of t?
1
Let x(t) = -134*t - 9. What is the units digit of x(-6)?
5
Suppose 0 = i + 1, -a - 15*i + 12*i + 613 = 0. What is the tens digit of a?
1
Let i be -15*(-3 + 4)*-1. Suppose -4*u + z + 9 = 0, 5*u - z = -5*z - i. What is the units digit of u?
1
Suppose 3*i = 4*y + 1244 + 3499, -2*i = -5*y - 3155. What is the units digit of i?
5
Let g be (2 - -7)*(-5 - -4). What is the units digit of 0 - g/6*2?
3
Let s(v) be the third derivative of -5*v**4/8 - v**3/2 + v**2 + 15. What is the tens digit of s(-9)?
3
Suppose 2*k = -3*k + 50. Let q = -12 + k. What is the units digit of (12 + 66)*q/(-6)?
6
Suppose 2*c + 104 = 6*c. Suppose -o - 11 = h - 6*o, 0 = -2*h - 2*o + c. Suppose -q + 38 = 2*u + h, 2*u + 5*q = 25. What is the tens digit of u?
1
Let n be 21 - (-2 - (0 + -5)). Suppose 0 = -3*k + k + n. Suppose 2*o + 11 = j, j + 4*o + k - 38 = 0. What is the tens digit of j?
1
Let n(k) be the first derivative of -k**4 + 3*k**2/2 + k + 5. What is the tens digit of n(-2)?
2
Let d be (-4)/(-22) + 3 + 2019/(-33). L